{"id":76,"date":"2020-12-02T07:08:52","date_gmt":"2020-12-02T11:08:52","guid":{"rendered":"http:\/\/ihch.cl\/?page_id=76"},"modified":"2025-03-18T10:18:54","modified_gmt":"2025-03-18T14:18:54","slug":"encargado-de-convivencia-escolar","status":"publish","type":"page","link":"https:\/\/ihch.cl\/index.php\/encargado-de-convivencia-escolar\/","title":{"rendered":"Encargado de Convivencia Escolar"},"content":{"rendered":"<p>[et_pb_section fb_built=\u00bb1&#8243; admin_label=\u00bbsection\u00bb _builder_version=\u00bb4.16&#8243; background_color=\u00bb#0c71c3&#8243; global_colors_info=\u00bb{}\u00bb][et_pb_row _builder_version=\u00bb4.16&#8243; _module_preset=\u00bbdefault\u00bb global_colors_info=\u00bb{}\u00bb][et_pb_column type=\u00bb4_4&#8243; _builder_version=\u00bb4.16&#8243; _module_preset=\u00bbdefault\u00bb global_colors_info=\u00bb{}\u00bb][et_pb_text _builder_version=\u00bb4.16&#8243; _module_preset=\u00bbdefault\u00bb header_font=\u00bb|700|||||||\u00bb header_text_align=\u00bbcenter\u00bb header_text_color=\u00bb#ffffff\u00bb global_colors_info=\u00bb{}\u00bb]<\/p>\n<h1>ENCARGADO DE CONVIVENCIA ESCOLAR<\/h1>\n<p>[\/et_pb_text][\/et_pb_column][\/et_pb_row][\/et_pb_section][et_pb_section fb_built=\u00bb1&#8243; admin_label=\u00bbsection\u00bb _builder_version=\u00bb4.16&#8243; global_colors_info=\u00bb{}\u00bb][et_pb_row admin_label=\u00bbrow\u00bb _builder_version=\u00bb4.16&#8243; background_size=\u00bbinitial\u00bb background_position=\u00bbtop_left\u00bb background_repeat=\u00bbrepeat\u00bb global_colors_info=\u00bb{}\u00bb][et_pb_column type=\u00bb4_4&#8243; _builder_version=\u00bb4.16&#8243; custom_padding=\u00bb|||\u00bb global_colors_info=\u00bb{}\u00bb custom_padding__hover=\u00bb|||\u00bb][et_pb_text admin_label=\u00bbText\u00bb _builder_version=\u00bb4.24.2&#8243; background_size=\u00bbinitial\u00bb background_position=\u00bbtop_left\u00bb background_repeat=\u00bbrepeat\u00bb global_colors_info=\u00bb{}\u00bb]<\/p>\n<p><i style=\"font-size: 14px;\">Se define por Convivencia Escolar \u201cla coexistencia pac\u00edfica de los miembros de la comunidad educativa, que supone una interrelaci\u00f3n positiva entre ellos y permite el adecuado cumplimiento de los objetivos educativos en un clima que propicia el desarrollo integral de los estudiantes\u201d.<\/i><\/p>\n<p><i><span style=\"font-weight: 400;\">La convivencia escolar se trata de la construcci\u00f3n de un modo de relaci\u00f3n entre las personas de una comunidad, sustentada en el respeto mutuo y en la solidaridad rec\u00edproca, expresada en la interrelaci\u00f3n armoniosa y sin violencia entre los diferentes actores y estamentos de la Comunidad Educativa.<\/span><\/i><\/p>\n<p><i><span style=\"font-weight: 400;\">Tiene un enfoque eminentemente formativo. Se deben ense\u00f1ar y aprender una suma de conocimientos, habilidades y valores que permiten poner en pr\u00e1ctica el vivir en paz y la armon\u00eda con otros, porque es la base para el ejercicio de la ciudadan\u00eda. En la escolaridad, estos aprendizajes est\u00e1n establecidos tanto en los Objetivos Fundamentales Transversales como en los Objetivos Fundamentales Verticales.<\/span><\/i><\/p>\n<p><i><span style=\"font-weight: 400;\">En s\u00ed mismo, el enfoque formativo contiene una dimensi\u00f3n preventiva, expresada en el desarrollo de conocimientos, habilidades y actitudes que permitan formar personas aut\u00f3nomas, capaces de tomar decisiones personales y de anticiparse a las situaciones que amenazan o alteran el aprendizaje de la convivencia, cautelando en todo momento el proceso formativo y las estrategias pedag\u00f3gicas. En este sentido, la dimensi\u00f3n preventiva implica superar la noci\u00f3n de riesgo y no se limita a informar o prohibir, sino que apunta a formar para actuar con anticipaci\u00f3n (Mineduc).<\/span><\/i><\/p>\n<p><b><i>Funciones de la Encargada de Convivencia Escolar<\/i><\/b><\/p>\n<ul>\n<li style=\"font-weight: 400;\" aria-level=\"1\"><i><span style=\"font-weight: 400;\">Dise\u00f1ar, elaborar e implementar el Plan de Gesti\u00f3n de la Convivencia Escolar.<\/span><\/i><\/li>\n<li style=\"font-weight: 400;\" aria-level=\"1\"><i><span style=\"font-weight: 400;\">Dise\u00f1ar la conformaci\u00f3n de equipos de trabajo.<\/span><\/i><\/li>\n<\/ul>\n<ul>\n<li style=\"font-weight: 400;\" aria-level=\"1\"><i><span style=\"font-weight: 400;\">Informar al equipo directivo y al Consejo Escolar de los avances o dificultades en la implementaci\u00f3n del Plan de Gesti\u00f3n.<\/span><\/i><\/li>\n<\/ul>\n<ul>\n<li style=\"font-weight: 400;\" aria-level=\"1\"><i><span style=\"font-weight: 400;\">Ejecutar cada uno de los protocolos contenidos en el Reglamento de Convivencia Escolar.<\/span><\/i><\/li>\n<\/ul>\n<p><!-- \/wp:list --><\/p>\n<p>[\/et_pb_text][\/et_pb_column][\/et_pb_row][\/et_pb_section]<\/p>\n","protected":false},"excerpt":{"rendered":"<p>ENCARGADO DE CONVIVENCIA ESCOLARSe define por Convivencia Escolar \u201cla coexistencia pac\u00edfica de los miembros de la comunidad educativa, que supone una interrelaci\u00f3n positiva entre ellos y permite el adecuado cumplimiento de los objetivos educativos en un clima que propicia el desarrollo integral de los estudiantes\u201d. La convivencia escolar se trata de la construcci\u00f3n de un [&hellip;]<\/p>\n","protected":false},"author":2,"featured_media":0,"parent":0,"menu_order":0,"comment_status":"closed","ping_status":"closed","template":"","meta":{"_et_pb_use_builder":"on","_et_pb_old_content":"<!-- wp:image {\"id\":303,\"sizeSlug\":\"large\"} -->\n<figure class=\"wp-block-image size-large\"><img src=\"http:\/\/ihch.cl\/wp-content\/uploads\/2020\/12\/encargado-1-1024x838.jpg\" alt=\"\" class=\"wp-image-303\"\/><\/figure>\n<!-- \/wp:image -->\n\n<!-- wp:paragraph -->\n<p>Se define por Convivencia Escolar \u201cla coexistencia pac\u00edfica de los miembros de la comunidad educativa, que supone una interrelaci\u00f3n positiva entre ellos y permite el adecuado cumplimiento de los objetivos educativos en un clima que propicia el desarrollo integral de los estudiantes\u201d.<\/p>\n<!-- \/wp:paragraph -->\n\n<!-- wp:paragraph -->\n<p>La convivencia escolar se trata de la construcci\u00f3n de un modo de relaci\u00f3n entre las personas de una comunidad, sustentada en el respeto mutuo y en la solidaridad rec\u00edproca, expresada en la interrelaci\u00f3n armoniosa y sin violencia entre los diferentes actores y estamentos de la Comunidad Educativa.<\/p>\n<!-- \/wp:paragraph -->\n\n<!-- wp:paragraph -->\n<p>Tiene un enfoque eminentemente formativo. Se deben ense\u00f1ar y aprender una suma de conocimientos, habilidades y valores que permiten poner en pr\u00e1ctica el vivir en paz y la armon\u00eda con otros, porque es la base para el ejercicio de la ciudadan\u00eda. En la escolaridad, estos aprendizajes est\u00e1n establecidos tanto en los Objetivos Fundamentales Transversales como en los Objetivos Fundamentales Verticales.<\/p>\n<!-- \/wp:paragraph -->\n\n<!-- wp:paragraph -->\n<p>En s\u00ed mismo, el enfoque formativo contiene una dimensi\u00f3n preventiva, expresada en el desarrollo de conocimientos, habilidades y actitudes que permitan formar personas aut\u00f3nomas, capaces de tomar decisiones personales y de anticiparse a las situaciones que amenazan o alteran el aprendizaje de la convivencia, cautelando en todo momento el proceso formativo y las estrategias pedag\u00f3gicas. En este sentido, la dimensi\u00f3n preventiva implica superar la noci\u00f3n de riesgo y no se limita a informar o prohibir, sino que apunta a formar para actuar con anticipaci\u00f3n (Mineduc).<\/p>\n<!-- \/wp:paragraph -->\n\n<!-- wp:paragraph -->\n<p><strong>Funciones de la Encargada de Convivencia Escolar<\/strong><\/p>\n<!-- \/wp:paragraph -->\n\n<!-- wp:list -->\n<ul><li>Dise\u00f1ar, elaborar e implementar el Plan de Gesti\u00f3n de la Convivencia Escolar.<\/li><li>Dise\u00f1ar la conformaci\u00f3n de equipos de trabajo.<\/li><li>Informar al equipo directivo y al Consejo Escolar de los avances o dificultades en la implementaci\u00f3n del Plan de Gesti\u00f3n.<\/li><li>Ejecutar cada uno de los protocolos contenidos en el Reglamento de Convivencia Escolar.<\/li><\/ul>\n<!-- \/wp:list -->","_et_gb_content_width":"","footnotes":""},"class_list":["post-76","page","type-page","status-publish","hentry"],"_links":{"self":[{"href":"https:\/\/ihch.cl\/index.php\/wp-json\/wp\/v2\/pages\/76","targetHints":{"allow":["GET"]}}],"collection":[{"href":"https:\/\/ihch.cl\/index.php\/wp-json\/wp\/v2\/pages"}],"about":[{"href":"https:\/\/ihch.cl\/index.php\/wp-json\/wp\/v2\/types\/page"}],"author":[{"embeddable":true,"href":"https:\/\/ihch.cl\/index.php\/wp-json\/wp\/v2\/users\/2"}],"replies":[{"embeddable":true,"href":"https:\/\/ihch.cl\/index.php\/wp-json\/wp\/v2\/comments?post=76"}],"version-history":[{"count":10,"href":"https:\/\/ihch.cl\/index.php\/wp-json\/wp\/v2\/pages\/76\/revisions"}],"predecessor-version":[{"id":5653,"href":"https:\/\/ihch.cl\/index.php\/wp-json\/wp\/v2\/pages\/76\/revisions\/5653"}],"wp:attachment":[{"href":"https:\/\/ihch.cl\/index.php\/wp-json\/wp\/v2\/media?parent=76"}],"curies":[{"name":"wp","href":"https:\/\/api.w.org\/{rel}","templated":true}]}}

<p>[et_pb_section fb_built=»1&#8243; admin_label=»section» _builder_version=»4.16&#8243; background_color=»#0c71c3&#8243; global_colors_info=»{}»][et_pb_row _builder_version=»4.16&#8243; _module_preset=»default» global_colors_info=»{}»][et_pb_column type=»4_4&#8243; _builder_version=»4.16&#8243; _module_preset=»default» global_colors_info=»{}»][et_pb_text _builder_version=»4.16&#8243; _module_preset=»default» header_font=»|700|||||||» header_text_align=»center» header_text_color=»#ffffff» global_colors_info=»{}»]</p>
<h1>ENCARGADO DE CONVIVENCIA ESCOLAR</h1>
<p>[/et_pb_text][/et_pb_column][/et_pb_row][/et_pb_section][et_pb_section fb_built=»1&#8243; admin_label=»section» _builder_version=»4.16&#8243; global_colors_info=»{}»][et_pb_row admin_label=»row» _builder_version=»4.16&#8243; background_size=»initial» background_position=»top_left» background_repeat=»repeat» global_colors_info=»{}»][et_pb_column type=»4_4&#8243; _builder_version=»4.16&#8243; custom_padding=»|||» global_colors_info=»{}» custom_padding__hover=»|||»][et_pb_text admin_label=»Text» _builder_version=»4.24.2&#8243; background_size=»initial» background_position=»top_left» background_repeat=»repeat» global_colors_info=»{}»]</p>
<p><i style="font-size: 14px;">Se define por Convivencia Escolar “la coexistencia pacífica de los miembros de la comunidad educativa, que supone una interrelación positiva entre ellos y permite el adecuado cumplimiento de los objetivos educativos en un clima que propicia el desarrollo integral de los estudiantes”.</i></p>
<p><i><span style="font-weight: 400;">La convivencia escolar se trata de la construcción de un modo de relación entre las personas de una comunidad, sustentada en el respeto mutuo y en la solidaridad recíproca, expresada en la interrelación armoniosa y sin violencia entre los diferentes actores y estamentos de la Comunidad Educativa.</span></i></p>
<p><i><span style="font-weight: 400;">Tiene un enfoque eminentemente formativo. Se deben enseñar y aprender una suma de conocimientos, habilidades y valores que permiten poner en práctica el vivir en paz y la armonía con otros, porque es la base para el ejercicio de la ciudadanía. En la escolaridad, estos aprendizajes están establecidos tanto en los Objetivos Fundamentales Transversales como en los Objetivos Fundamentales Verticales.</span></i></p>
<p><i><span style="font-weight: 400;">En sí mismo, el enfoque formativo contiene una dimensión preventiva, expresada en el desarrollo de conocimientos, habilidades y actitudes que permitan formar personas autónomas, capaces de tomar decisiones personales y de anticiparse a las situaciones que amenazan o alteran el aprendizaje de la convivencia, cautelando en todo momento el proceso formativo y las estrategias pedagógicas. En este sentido, la dimensión preventiva implica superar la noción de riesgo y no se limita a informar o prohibir, sino que apunta a formar para actuar con anticipación (Mineduc).</span></i></p>
<p><b><i>Funciones de la Encargada de Convivencia Escolar</i></b></p>
<ul>
<li style="font-weight: 400;" aria-level="1"><i><span style="font-weight: 400;">Diseñar, elaborar e implementar el Plan de Gestión de la Convivencia Escolar.</span></i></li>
<li style="font-weight: 400;" aria-level="1"><i><span style="font-weight: 400;">Diseñar la conformación de equipos de trabajo.</span></i></li>
</ul>
<ul>
<li style="font-weight: 400;" aria-level="1"><i><span style="font-weight: 400;">Informar al equipo directivo y al Consejo Escolar de los avances o dificultades en la implementación del Plan de Gestión.</span></i></li>
</ul>
<ul>
<li style="font-weight: 400;" aria-level="1"><i><span style="font-weight: 400;">Ejecutar cada uno de los protocolos contenidos en el Reglamento de Convivencia Escolar.</span></i></li>
</ul>
<p><!-- /wp:list --></p>
<p>[/et_pb_text][/et_pb_column][/et_pb_row][/et_pb_section]</p>

<p>ENCARGADO DE CONVIVENCIA ESCOLARSe define por Convivencia Escolar “la coexistencia pacífica de los miembros de la comunidad educativa, que supone una interrelación positiva entre ellos y permite el adecuado cumplimiento de los objetivos educativos en un clima que propicia el desarrollo integral de los estudiantes”. La convivencia escolar se trata de la construcción de un [&hellip;]</p>

<!-- wp:image {"id":303,"sizeSlug":"large"} -->
<figure class="wp-block-image size-large"><img src="http://ihch.cl/wp-content/uploads/2020/12/encargado-1-1024x838.jpg" alt="" class="wp-image-303"/></figure>
<!-- /wp:image -->

<!-- wp:paragraph -->
<p>Se define por Convivencia Escolar “la coexistencia pacífica de los miembros de la comunidad educativa, que supone una interrelación positiva entre ellos y permite el adecuado cumplimiento de los objetivos educativos en un clima que propicia el desarrollo integral de los estudiantes”.</p>
<!-- /wp:paragraph -->

<!-- wp:paragraph -->
<p>La convivencia escolar se trata de la construcción de un modo de relación entre las personas de una comunidad, sustentada en el respeto mutuo y en la solidaridad recíproca, expresada en la interrelación armoniosa y sin violencia entre los diferentes actores y estamentos de la Comunidad Educativa.</p>
<!-- /wp:paragraph -->

<!-- wp:paragraph -->
<p>Tiene un enfoque eminentemente formativo. Se deben enseñar y aprender una suma de conocimientos, habilidades y valores que permiten poner en práctica el vivir en paz y la armonía con otros, porque es la base para el ejercicio de la ciudadanía. En la escolaridad, estos aprendizajes están establecidos tanto en los Objetivos Fundamentales Transversales como en los Objetivos Fundamentales Verticales.</p>
<!-- /wp:paragraph -->

<!-- wp:paragraph -->
<p>En sí mismo, el enfoque formativo contiene una dimensión preventiva, expresada en el desarrollo de conocimientos, habilidades y actitudes que permitan formar personas autónomas, capaces de tomar decisiones personales y de anticiparse a las situaciones que amenazan o alteran el aprendizaje de la convivencia, cautelando en todo momento el proceso formativo y las estrategias pedagógicas. En este sentido, la dimensión preventiva implica superar la noción de riesgo y no se limita a informar o prohibir, sino que apunta a formar para actuar con anticipación (Mineduc).</p>
<!-- /wp:paragraph -->

<!-- wp:paragraph -->
<p><strong>Funciones de la Encargada de Convivencia Escolar</strong></p>
<!-- /wp:paragraph -->

<!-- wp:list -->
<ul><li>Diseñar, elaborar e implementar el Plan de Gestión de la Convivencia Escolar.</li><li>Diseñar la conformación de equipos de trabajo.</li><li>Informar al equipo directivo y al Consejo Escolar de los avances o dificultades en la implementación del Plan de Gestión.</li><li>Ejecutar cada uno de los protocolos contenidos en el Reglamento de Convivencia Escolar.</li></ul>
<!-- /wp:list -->
